1?
8
What is the billions digit of 2094589146?
2
What is the thousands digit of 45388818?
8
What is the hundred millions digit of 313018501?
3
What is the ten thousands digit of 421710716?
1
What is the millions digit of 398385867?
8
What is the hundred thousands digit of 278667351?
6
What is the thousands digit of 588581875?
1
What is the hundred thousands digit of 1805469313?
4
What is the units digit of 68805584?
4
What is the hundred thousands digit of 317647424?
6
What is the hundreds digit of 9287829?
8
What is the hundreds digit of 361878170?
1
What is the ten millions digit of 72714709?
7
What is the hundred thousands digit of 751114936?
1
What is the units digit of 143718797?
7
What is the units digit of 644825700?
0
What is the hundreds digit of 1001561748?
7
What is the hundred thousands digit of 65941242?
9
What is the tens digit of 46643571?
7
What is the units digit of 465747633?
3
What is the ten millions digit of 57882091?
5
What is the tens digit of 26255131?
3
What is the millions digit of 80884433?
0
What is the ten thousands digit of 28339882?
3
What is the tens digit of 4011070417?
1
What is the hundred thousands digit of 40074541?
0
What is the tens digit of 3394437311?
1
What is the hundred millions digit of 132699516?
1
What is the hundreds digit of 58506819?
8
What is the thousands digit of 140057084?
7
What is the hundreds digit of 1300643871?
8
What is the thousands digit of 3840814?
0
What is the ten millions digit of 300982487?
0
What is the tens digit of 147724476?
7
What is the units digit of 42251445?
5
What is the ten millions digit of 191603790?
9
What is the hundred thousands digit of 345391291?
3
What is the hundred millions digit of 958580828?
9
What is the units digit of 7839950581?
1
What is the millions digit of 188070506?
8
What is the thousands digit of 140877158?
7
What is the hundreds digit of 31868107?
1
What is the units digit of 359320368?
8
What is the hundred millions digit of 261215124?
2
What is the hundreds digit of 244152791?
7
What is the hundred thousands digit of 171161712?
1
What is the hundred thousands digit of 989179978?
1
What is the tens digit of 36602374?
7
What is the hundred millions digit of 117860207?
1
What is the millions digit of 166818989?
6
What is the thousands digit of 173500332?
0
What is the hundred thousands digit of 2202459?
2
What is the thousands digit of 65850788?
0
What is the hundreds digit of 68064936?
9
What is the tens digit of 973314367?
6
What is the hundred millions digit of 1273532477?
2
What is the tens digit of 1299580021?
2
What is the units digit of 51756939?
9
What is the ten millions digit of 1338694431?
3
What is the hundred millions digit of 1687595900?
6
What is the millions digit of 37859051?
7
What is the hundred thousands digit of 1206999674?
9
What is the tens digit of 180556490?
9
What is the millions digit of 66772894?
6
What is the hundreds digit of 11434291?
2
What is the units digit of 52317211?
1
What is the units digit of 7458535978?
8
What is the millions digit of 50730509?
0
What is the tens digit of 3853962?
6
What is the hundred thousands digit of 109566661?
5
What is the ten thousands digit of 74076083?
7
What is the hundred thousands digit of 3364786642?
7
What is the units digit of 109626652?
2
What is the thousands digit of 14246510?
6
What is the thousands digit of 588480996?
0
What is the billions digit of 5923146405?
5
What is the hundred thousands digit of 33404986?
4
What is the units digit of 1036967240?
0
What is the units digit of 540395181?
1
What is the ten millions digit of 690349669?
9
What is the hundred millions digit of 396728365?
3
What is the millions digit of 4056626799?
6
What is the ten millions digit of 277810285?
7
What is the hundreds digit of 1335659591?
5
What is the hundred thousands digit of 30067033?
0
What is the tens digit of 42863858?
5
What is the ten thousands digit of 31031032?
3
What is the hundred millions digit of 1707598130?
7
What is the ten thousands digit of 1041145738?
4
What is the tens digit of 666700148?
4
What is the hundred thousands digit of 2206201257?
2
What is the hundred thousands digit of 251630503?
6
What is the hundred thousands digit of 46947586?
9
What is the millions digit of 7021348?
7
What is the thousands digit of 7643174?
3
What is the tens digit of 78695390?
9
What is the tens digit of 38424005?
0
What is the units digit of 243214741?
1
What is the hundred thousands digit of 511716386?
7
What is the hundred millions digit of 398066018?
3
What is the hundred thousands digit of 40223662?
2
What is the thousands digit of 66501405?
1
What is the hundreds digit of 239789802?
8
What is the hundred thousands digit of 77592918?
5
What is the millions digit of 708003381?
8
What is the units digit of 126864001?
1
What is the ten thousands digit of 345821873?
2
What is the units digit of 40774004?
4
What is the hundreds digit of 309175280?
2
What is the thousands digit of 2912354163?
4
What is the ten thousands digit of 101953402?
5
What is the millions digit of 683705594?
3
What is the hundred millions digit of 3529732854?
5
What is the tens digit of 29982246?
4
What is the millions digit of 266741210?
6
What is the ten thousands digit of 1084504094?
0
What is the units digit of 294495920?
0
What is the hundreds digit of 132183270?
2
What is the hundred millions digit of 129751205?
1
What is the millions digit of 160769753?
0
What is the hundreds digit of 597006280?
2
What is the hundreds digit of 11234778?
7
What is the hundred millions digit of 232148039?
2
What is the units digit of 292576484?
4
What is the hundreds digit of 1464130844?
8
What is the thousands digit of 529404596?
4
What is the thousands digit of 76030810?
0
What is the millions digit of 564321336?
4
What is the hundred thousands digit of 446559101?
5
What is the ten thousands digit of 22000484?
0
What is the units digit of 287752817?
7
What is the ten thousands digit of 21841659?
4
What is the thousands digit of 3812201844?
1
What is the hundred thousands digit of 57750413?
7
What is the tens digit of 2032238985?
8
What is the thousands digit of 3563112701?
2
What is the ten thousands digit of 1962200?
6
What is the ten thousands digit of 213530671?
3
What is the ten thousands digit of 847574245?
7
What is the tens digit of 245020569?
6
What is the units digit of 3044115516?
6
What is the millions digit of 174371447?
4
What is the thousands digit of 3332956423?
6
What is the ten thousands digit of 172827550?
2
What is the hundred thousands digit of 7989216183?
2
What is the billions digit of 1126740477?
1
What is the ten thousands digit of 1118531281?
3
What is the thousands digit of 2854095674?
5
What is the hundred thousands digit of 1539880?
5
What is the tens digit of 7289535676?
7
What is the tens digit of 1837605429?
2
What is the hundred millions digit of 1563432027?
5
What is the hundreds digit of 222140824?
8
What is the ten millions digit of 399245862?
9
What is the hundred thousands digit of 42564793?
5
What is the millions digit of 118953982?
8
What is the hundred millions digit of 292045158?
2
What is the units digit of 67034405?
5
What is the ten thousands digit of 408169154?
6
What is the hundreds digit of 36782414?
4
What is the ten millions digit of 187323139?
8
What is the ten millions digit of 4114495847?
1
What is the tens digit of 1709405795?
9
What is the ten thousands digit of 7219463222?
6
What is the hundreds digit of 2812608215?
2
What is the thousands digit of 1749397899?
7
What is the thousands digit of 261679769?
9
What is the tens digit of 19946506?
0
What is the ten millions digit of 81542822?
8
What is the hundred millions digit of 976670899?
9
What is the hundreds digit of 520967569?
5
What is the hundreds digit of 1950809534?
5
What is the billions digit of 7076316426?
7
What is the thousands digit of 130866011?
6
What is the ten thousands digit of 54234470?
3
What is the units digit of 1375716752?
2
What is the units digit of 726095643?
3
What is the units digit of 155644830?
0
What is the hundred millions digit of 680312755?
6
What is the ten thousands digit of 5211776944?
7
What is the tens digit of 179180056?
5
What is the hundreds digit of 549960856?
8
What is th